{"id":52,"date":"2015-03-11T20:44:41","date_gmt":"2015-03-11T20:44:41","guid":{"rendered":"http:\/\/insuca.co\/?page_id=52"},"modified":"2016-03-15T16:50:25","modified_gmt":"2016-03-15T16:50:25","slug":"actualizacion-para-docentes","status":"publish","type":"page","link":"https:\/\/insuca.com.co\/?page_id=52","title":{"rendered":"Actualizaci\u00f3n para Docentes"},"content":{"rendered":"<p><img loading=\"lazy\" class=\"aligncenter wp-image-119 size-large\" src=\"http:\/\/insuca.com.co\/wp-content\/uploads\/2015\/03\/INSUCA-16-1024x527.jpg\" alt=\"INSUCA-16\" width=\"720\" height=\"371\" srcset=\"https:\/\/insuca.com.co\/wp-content\/uploads\/2015\/03\/INSUCA-16-1024x527.jpg 1024w, https:\/\/insuca.com.co\/wp-content\/uploads\/2015\/03\/INSUCA-16-600x309.jpg 600w, https:\/\/insuca.com.co\/wp-content\/uploads\/2015\/03\/INSUCA-16-300x154.jpg 300w, https:\/\/insuca.com.co\/wp-content\/uploads\/2015\/03\/INSUCA-16.jpg 1043w\" sizes=\"(max-width: 720px) 100vw, 720px\" \/><\/p>\n<p>Dirigido a grupos de profesores con requerimientos espec\u00edficos de capacitaci\u00f3n, actualizaci\u00f3n y planes de mejoramiento sobre: valoraci\u00f3n del rendimiento acad\u00e9mico de sus estudiantes, nueva estructura de ex\u00e1menes de Estado, pruebas por competencias y saber, an\u00e1lisis estad\u00edsticos, comparativos de los 3 \u00faltimos a\u00f1os de la Instituci\u00f3n, por \u00e1reas, asignaturas, competencias y componentes, adem\u00e1s se programa la capacitaci\u00f3n de docentes de acuerdo a sus propias necesidades.<\/p>\n","protected":false},"excerpt":{"rendered":"<p>Dirigido a grupos de profesores con requerimientos espec\u00edficos de capacitaci\u00f3n, actualizaci\u00f3n y planes de mejoramiento sobre: valoraci\u00f3n del rendimiento acad\u00e9mico de sus estudiantes, nueva estructura de ex\u00e1menes de Estado, pruebas por competencias y saber, an\u00e1lisis estad\u00edsticos, comparativos de los 3<\/p>\n","protected":false},"author":1,"featured_media":0,"parent":11,"menu_order":3,"comment_status":"closed","ping_status":"closed","template":"","meta":[],"_links":{"self":[{"href":"https:\/\/insuca.com.co\/index.php?rest_route=\/wp\/v2\/pages\/52"}],"collection":[{"href":"https:\/\/insuca.com.co\/index.php?rest_route=\/wp\/v2\/pages"}],"about":[{"href":"https:\/\/insuca.com.co\/index.php?rest_route=\/wp\/v2\/types\/page"}],"author":[{"embeddable":true,"href":"https:\/\/insuca.com.co\/index.php?rest_route=\/wp\/v2\/users\/1"}],"replies":[{"embeddable":true,"href":"https:\/\/insuca.com.co\/index.php?rest_route=%2Fwp%2Fv2%2Fcomments&post=52"}],"version-history":[{"count":5,"href":"https:\/\/insuca.com.co\/index.php?rest_route=\/wp\/v2\/pages\/52\/revisions"}],"predecessor-version":[{"id":304,"href":"https:\/\/insuca.com.co\/index.php?rest_route=\/wp\/v2\/pages\/52\/revisions\/304"}],"up":[{"embeddable":true,"href":"https:\/\/insuca.com.co\/index.php?rest_route=\/wp\/v2\/pages\/11"}],"wp:attachment":[{"href":"https:\/\/insuca.com.co\/index.php?rest_route=%2Fwp%2Fv2%2Fmedia&parent=52"}],"curies":[{"name":"wp","href":"https:\/\/api.w.org\/{rel}","templated":true}]}}