{"id":47,"date":"2015-03-11T20:43:55","date_gmt":"2015-03-11T20:43:55","guid":{"rendered":"http:\/\/insuca.co\/?page_id=47"},"modified":"2016-03-15T16:50:47","modified_gmt":"2016-03-15T16:50:47","slug":"ex-simulacros","status":"publish","type":"page","link":"https:\/\/insuca.com.co\/?page_id=47","title":{"rendered":"Simulacros"},"content":{"rendered":"<p><img loading=\"lazy\" class=\"alignleft wp-image-265 size-full\" src=\"http:\/\/insuca.com.co\/wp-content\/uploads\/2015\/03\/PAGINA-INSUCA-22.jpg\" alt=\"PAGINA INSUCA-22\" width=\"502\" height=\"264\" srcset=\"https:\/\/insuca.com.co\/wp-content\/uploads\/2015\/03\/PAGINA-INSUCA-22.jpg 502w, https:\/\/insuca.com.co\/wp-content\/uploads\/2015\/03\/PAGINA-INSUCA-22-300x158.jpg 300w\" sizes=\"(max-width: 502px) 100vw, 502px\" \/><\/p>\n<p>En este servicio se resalta la importancia del saber hacer en contexto. Aplicaci\u00f3n de conocimientos en la soluci\u00f3n de problemas, manejando tiempos, competencias y grupos de evaluaci\u00f3n, de acuerdo a la estructura que proponga el ICFES.<\/p>\n<p>Prueba de Lectura Cr\u00edtica. Competencias: Identificar y entender los contenidos expl\u00edcitos de un texto; comprender c\u00f3mo se articulan las partes de un texto para darle un sentido global y reflexionar a partir de un texto y evaluar su contenido<\/p>\n<p>Prueba de Matem\u00e1ticas, a partir de conocimientos gen\u00e9ricos y no gen\u00e9ricos en los tipos: Num\u00e9rico, Num\u00e9rico variacional, Geom\u00e9trico, Geom\u00e9trico -M\u00e9trico, M\u00e9trico -variacional, Num\u00e9rico aleatorio y M\u00e9trico aleatorio.<\/p>\n<p>Prueba de Ciencias naturales. Competencias: uso comprensivo del conocimiento cient\u00edfico; explicaci\u00f3n de fen\u00f3menos e indagaci\u00f3n.<\/p>\n<p>Prueba de Ciencias Sociales: Competencias: Pensamiento social, Interpretaci\u00f3n y an\u00e1lisis de perspectivas, pensamiento sist\u00e9mico y reflexi\u00f3n cr\u00edtica.<\/p>\n<p>Prueba de Competencias Ciudadanas. Grupos: respeto y defensa de los derechos humanos; convivencia y paz; participaci\u00f3n y responsabilidad democr\u00e1tica; pluralidad, identidad y valoraci\u00f3n de las diferencias.<\/p>\n<p>Prueba de ingl\u00e9s. Competencias: ling\u00fc\u00edstica, pragm\u00e1tica y socioling\u00fc\u00edstica.<\/p>\n<p>Los simulacros se realizan en plegable de 70 cm X 100 cm con el mismo n\u00famero de preguntas y grado de dificultad, con toda la exigencia y seriedad necesarias.<\/p>\n<p>La revisi\u00f3n del cuestionario simulacro se realiza a partir de los resultados obtenidos, con la respectiva orientaci\u00f3n del docente, lo cual es fundamental para que los estudiantes conozcan sus propias fortalezas y debilidades.<\/p>\n<p>Los resultados se entregan impresos a color, con sus correspondientes gr\u00e1ficas y estad\u00edsticas, discriminados por:<\/p>\n<ul>\n<li>Puntaje por materia. y \u00e1rea<\/li>\n<li>Niveles de Competencias y grupos de evaluaci\u00f3n.<\/li>\n<li>Consolidado de los resultados por instituci\u00f3n, por estudiante y por grupo.<\/li>\n<li>Comparativo por cursos.<\/li>\n<li>Acumulado por materia vs. promedio nacional.<\/li>\n<li>Listado de fortalezas acad\u00e9micas por estudiante.<\/li>\n<\/ul>\n","protected":false},"excerpt":{"rendered":"<p>En este servicio se resalta la importancia del saber hacer en contexto. Aplicaci\u00f3n de conocimientos en la soluci\u00f3n de problemas, manejando tiempos, competencias y grupos de evaluaci\u00f3n, de acuerdo a la estructura que proponga el ICFES. Prueba de Lectura Cr\u00edtica.<\/p>\n","protected":false},"author":1,"featured_media":0,"parent":11,"menu_order":3,"comment_status":"closed","ping_status":"closed","template":"","meta":[],"_links":{"self":[{"href":"https:\/\/insuca.com.co\/index.php?rest_route=\/wp\/v2\/pages\/47"}],"collection":[{"href":"https:\/\/insuca.com.co\/index.php?rest_route=\/wp\/v2\/pages"}],"about":[{"href":"https:\/\/insuca.com.co\/index.php?rest_route=\/wp\/v2\/types\/page"}],"author":[{"embeddable":true,"href":"https:\/\/insuca.com.co\/index.php?rest_route=\/wp\/v2\/users\/1"}],"replies":[{"embeddable":true,"href":"https:\/\/insuca.com.co\/index.php?rest_route=%2Fwp%2Fv2%2Fcomments&post=47"}],"version-history":[{"count":6,"href":"https:\/\/insuca.com.co\/index.php?rest_route=\/wp\/v2\/pages\/47\/revisions"}],"predecessor-version":[{"id":305,"href":"https:\/\/insuca.com.co\/index.php?rest_route=\/wp\/v2\/pages\/47\/revisions\/305"}],"up":[{"embeddable":true,"href":"https:\/\/insuca.com.co\/index.php?rest_route=\/wp\/v2\/pages\/11"}],"wp:attachment":[{"href":"https:\/\/insuca.com.co\/index.php?rest_route=%2Fwp%2Fv2%2Fmedia&parent=47"}],"curies":[{"name":"wp","href":"https:\/\/api.w.org\/{rel}","templated":true}]}}