{"id":43,"date":"2015-03-11T20:43:05","date_gmt":"2015-03-12T01:43:05","guid":{"rendered":"http:\/\/insuca.co\/?page_id=43"},"modified":"2025-01-24T15:24:15","modified_gmt":"2025-01-24T20:24:15","slug":"cursos-pre-icfes","status":"publish","type":"page","link":"https:\/\/insuca.com.co\/?page_id=43","title":{"rendered":"Cursos Pre Icfes"},"content":{"rendered":"<p><img loading=\"lazy\" class=\"alignleft wp-image-248 size-full\" src=\"http:\/\/insuca.com.co\/wp-content\/uploads\/2015\/03\/PAGINA-INSUCA-21.jpg\" alt=\"PAGINA INSUCA-21\" width=\"502\" height=\"259\" srcset=\"https:\/\/insuca.com.co\/wp-content\/uploads\/2015\/03\/PAGINA-INSUCA-21.jpg 502w, https:\/\/insuca.com.co\/wp-content\/uploads\/2015\/03\/PAGINA-INSUCA-21-300x155.jpg 300w\" sizes=\"(max-width: 502px) 100vw, 502px\" \/><\/p>\n<p>Bajo el lema: &#8220;Lograr resultados \u00f3ptimos ante el examen del ICFES y UNIVERSIDADES, es lo esencial en nuestro proceso educativo&#8221;, el Instituto de Capacitaci\u00f3n &#8220;INSUCA&#8221;, se complace en ofrecer sus servicios en la capacitaci\u00f3n de docentes, bachilleres y estudiantes de los grados 10 y 11 para las Pruebas de Estado, seg\u00fan estructura propuesta por el ICFES, que en su momento correspondi\u00f3 a pruebas objetivas, luego evaluaci\u00f3n por competencias: &#8220;SABER HACER&#8221; aplicaci\u00f3n de conocimientos en la soluci\u00f3n de problemas y a partir del a\u00f1o 2014<\/p>\n<p>\u201cHacia un sistema integrado de Evaluaci\u00f3n de resultados de aprendizaje \u2013 Alineaci\u00f3n Saber 11\u201d \u2013 que implica para INSUCA un nuevo compromiso de liderazgo como lo ha hecho desde su fundaci\u00f3n, con una capacitaci\u00f3n adecuada y de calidad al servicio de nuestros estudiantes.de las sedes de: Pasto e Ipiales, y por convenios con estudiantes de las diferentes instituciones educativas de Pasto y municipios de Nari\u00f1o y Putumayo.<\/p>\n<p>Son millares incontables de personas que se han capacitado y logrado su ingreso a la educaci\u00f3n superior, en las diferentes facultades de nuestra regi\u00f3n y universidades de prestigio nacional<\/p>\n","protected":false},"excerpt":{"rendered":"<p>Bajo el lema: &#8220;Lograr resultados \u00f3ptimos ante el examen del ICFES y UNIVERSIDADES, es lo esencial en nuestro proceso educativo&#8221;, el Instituto de Capacitaci\u00f3n &#8220;INSUCA&#8221;, se complace en ofrecer sus servicios en la capacitaci\u00f3n de docentes, bachilleres y estudiantes de<\/p>\n","protected":false},"author":1,"featured_media":0,"parent":11,"menu_order":0,"comment_status":"closed","ping_status":"closed","template":"","meta":[],"_links":{"self":[{"href":"https:\/\/insuca.com.co\/index.php?rest_route=\/wp\/v2\/pages\/43"}],"collection":[{"href":"https:\/\/insuca.com.co\/index.php?rest_route=\/wp\/v2\/pages"}],"about":[{"href":"https:\/\/insuca.com.co\/index.php?rest_route=\/wp\/v2\/types\/page"}],"author":[{"embeddable":true,"href":"https:\/\/insuca.com.co\/index.php?rest_route=\/wp\/v2\/users\/1"}],"replies":[{"embeddable":true,"href":"https:\/\/insuca.com.co\/index.php?rest_route=%2Fwp%2Fv2%2Fcomments&post=43"}],"version-history":[{"count":6,"href":"https:\/\/insuca.com.co\/index.php?rest_route=\/wp\/v2\/pages\/43\/revisions"}],"predecessor-version":[{"id":300,"href":"https:\/\/insuca.com.co\/index.php?rest_route=\/wp\/v2\/pages\/43\/revisions\/300"}],"up":[{"embeddable":true,"href":"https:\/\/insuca.com.co\/index.php?rest_route=\/wp\/v2\/pages\/11"}],"wp:attachment":[{"href":"https:\/\/insuca.com.co\/index.php?rest_route=%2Fwp%2Fv2%2Fmedia&parent=43"}],"curies":[{"name":"wp","href":"https:\/\/api.w.org\/{rel}","templated":true}]}}