{"id":23,"date":"2015-03-11T20:00:03","date_gmt":"2015-03-11T20:00:03","guid":{"rendered":"http:\/\/insuca.co\/?page_id=23"},"modified":"2025-03-05T20:56:15","modified_gmt":"2025-03-06T01:56:15","slug":"simulacros","status":"publish","type":"page","link":"https:\/\/insuca.com.co\/?page_id=23","title":{"rendered":"Simulacros"},"content":{"rendered":"\t\t<div data-elementor-type=\"wp-page\" data-elementor-id=\"23\" class=\"elementor elementor-23\" data-elementor-settings=\"[]\">\n\t\t\t\t\t\t<div class=\"elementor-inner\">\n\t\t\t\t\t\t\t<div class=\"elementor-section-wrap\">\n\t\t\t\t\t\t\t<section class=\"elementor-section elementor-top-section elementor-element elementor-element-43356083 elementor-section-boxed elementor-section-height-default elementor-section-height-default\" data-id=\"43356083\" data-element_type=\"section\">\n\t\t\t\t\t\t<div class=\"elementor-container elementor-column-gap-default\">\n\t\t\t\t\t\t\t<div class=\"elementor-row\">\n\t\t\t\t\t<div class=\"elementor-column elementor-col-100 elementor-top-column elementor-element elementor-element-38e8aaa1\" data-id=\"38e8aaa1\" data-element_type=\"column\">\n\t\t\t<div class=\"elementor-column-wrap elementor-element-populated\">\n\t\t\t\t\t\t\t<div class=\"elementor-widget-wrap\">\n\t\t\t\t\t\t<div class=\"elementor-element elementor-element-76bf06a elementor-widget elementor-widget-text-editor\" data-id=\"76bf06a\" data-element_type=\"widget\" data-widget_type=\"text-editor.default\">\n\t\t\t\t<div class=\"elementor-widget-container\">\n\t\t\t\t\t\t\t\t<div class=\"elementor-text-editor elementor-clearfix\">\n\t\t\t\t<img loading=\"lazy\" class=\"aligncenter wp-image-109 size-large\" src=\"http:\/\/insuca.com.co\/wp-content\/uploads\/2015\/03\/INSUCA-06-1024x527.jpg\" alt=\"INSUCA-06\" width=\"720\" height=\"371\" srcset=\"https:\/\/insuca.com.co\/wp-content\/uploads\/2015\/03\/INSUCA-06-1024x527.jpg 1024w, https:\/\/insuca.com.co\/wp-content\/uploads\/2015\/03\/INSUCA-06-600x309.jpg 600w, https:\/\/insuca.com.co\/wp-content\/uploads\/2015\/03\/INSUCA-06-300x154.jpg 300w, https:\/\/insuca.com.co\/wp-content\/uploads\/2015\/03\/INSUCA-06.jpg 1043w\" sizes=\"(max-width: 720px) 100vw, 720px\" \/>\r\n\r\n&nbsp;\r\n\r\n&nbsp;\r\n\r\n&nbsp;\t\t\t\t\t<\/div>\n\t\t\t\t\t\t<\/div>\n\t\t\t\t<\/div>\n\t\t\t\t\t\t<\/div>\n\t\t\t\t\t<\/div>\n\t\t<\/div>\n\t\t\t\t\t\t\t\t<\/div>\n\t\t\t\t\t<\/div>\n\t\t<\/section>\n\t\t\t\t<section class=\"elementor-section elementor-top-section elementor-element elementor-element-9583e8b elementor-section-boxed elementor-section-height-default elementor-section-height-default\" data-id=\"9583e8b\" data-element_type=\"section\">\n\t\t\t\t\t\t<div class=\"elementor-container elementor-column-gap-default\">\n\t\t\t\t\t\t\t<div class=\"elementor-row\">\n\t\t\t\t\t<div class=\"elementor-column elementor-col-100 elementor-top-column elementor-element elementor-element-81e5715\" data-id=\"81e5715\" data-element_type=\"column\">\n\t\t\t<div class=\"elementor-column-wrap\">\n\t\t\t\t\t\t\t<div class=\"elementor-widget-wrap\">\n\t\t\t\t\t\t\t\t<\/div>\n\t\t\t\t\t<\/div>\n\t\t<\/div>\n\t\t\t\t\t\t\t\t<\/div>\n\t\t\t\t\t<\/div>\n\t\t<\/section>\n\t\t\t\t<section class=\"elementor-section elementor-top-section elementor-element elementor-element-376e392 elementor-section-boxed elementor-section-height-default elementor-section-height-default\" data-id=\"376e392\" data-element_type=\"section\">\n\t\t\t\t\t\t<div class=\"elementor-container elementor-column-gap-default\">\n\t\t\t\t\t\t\t<div class=\"elementor-row\">\n\t\t\t\t\t<div class=\"elementor-column elementor-col-100 elementor-top-column elementor-element elementor-element-785054b\" data-id=\"785054b\" data-element_type=\"column\">\n\t\t\t<div class=\"elementor-column-wrap elementor-element-populated\">\n\t\t\t\t\t\t\t<div class=\"elementor-widget-wrap\">\n\t\t\t\t\t\t<div class=\"elementor-element elementor-element-11cee79 elementor-widget elementor-widget-heading\" data-id=\"11cee79\" data-element_type=\"widget\" data-widget_type=\"heading.default\">\n\t\t\t\t<div class=\"elementor-widget-container\">\n\t\t\t<h2 class=\"elementor-heading-title elementor-size-default\"><span style=\"color: rgb(107, 112, 114); font-family: Roboto, sans-serif; font-size: 21px; font-weight: 600;\">MODALIDAD PRESENCIAL<br><br><span style=\"color: rgb(107, 112, 114); font-family: Roboto, sans-serif; font-size: 16px; font-weight: 400;\">Donde te puedes presentar:<br><br><span style=\"color: rgb(107, 112, 114); font-family: Roboto, sans-serif; font-size: 16px; font-weight: 600;\">SEDE PRINCIPAL PASTO<br><span style=\"color: rgb(107, 112, 114); font-family: Roboto, sans-serif; font-size: 16px; font-weight: 400;\">Edificio INSUCA<br>Calle 18 # 28 - 24 Centro<br><br><span style=\"color: rgb(107, 112, 114); font-family: Roboto, sans-serif; font-size: 16px; font-weight: 600;\">SEDE IPIALES<br><span style=\"color: rgb(107, 112, 114); font-family: Roboto, sans-serif; font-size: 16px; font-weight: 400;\">Colegio San Francisco de Asis <br>Carrera 7 # 7 - 52<\/h2>\t\t<\/div>\n\t\t\t\t<\/div>\n\t\t\t\t<div class=\"elementor-element elementor-element-95c8a30 elementor-widget elementor-widget-heading\" data-id=\"95c8a30\" data-element_type=\"widget\" data-widget_type=\"heading.default\">\n\t\t\t\t<div class=\"elementor-widget-container\">\n\t\t\t<h2 class=\"elementor-heading-title elementor-size-default\"><span style=\"color: rgb(107, 112, 114); font-family: Roboto, sans-serif; font-size: 16px; font-weight: 600;\">  Valor de la inscripci\u00f3n $15.000 pesos <br> Env\u00edo de resultados al correo electr\u00f3nico.<\/span><\/h2>\t\t<\/div>\n\t\t\t\t<\/div>\n\t\t\t\t<div class=\"elementor-element elementor-element-df934b2 eael-contact-form-7-button-align-left eael-contact-form-7-button-custom elementor-widget elementor-widget-eael-contact-form-7\" data-id=\"df934b2\" data-element_type=\"widget\" data-widget_type=\"eael-contact-form-7.default\">\n\t\t\t\t<div class=\"elementor-widget-container\">\n\t\t\t<div class=\"eael-contact-form-7-wrapper\">\n                <div class=\"eael-contact-form eael-contact-form-7 eael-contact-form-df934b2 placeholder-show eael-contact-form-align-center\"><div class=\"eael-contact-form-7-heading\"><h3 class=\"eael-contact-form-title eael-contact-form-7-title\">\n                                    Formulario de Inscripci\u00f3n\n                                <\/h3><\/div><div role=\"form\" class=\"wpcf7\" id=\"wpcf7-f1007-o1\" lang=\"es-ES\" dir=\"ltr\">\n<div class=\"screen-reader-response\"><p role=\"status\" aria-live=\"polite\" aria-atomic=\"true\"><\/p> <ul><\/ul><\/div>\n<form action=\"\/index.php?rest_route=%2Fwp%2Fv2%2Fpages%2F23#wpcf7-f1007-o1\" method=\"post\" class=\"wpcf7-form init\" novalidate=\"novalidate\" data-status=\"init\">\n<div style=\"display: none;\">\n<input type=\"hidden\" name=\"_wpcf7\" value=\"1007\" \/>\n<input type=\"hidden\" name=\"_wpcf7_version\" value=\"5.4.2\" \/>\n<input type=\"hidden\" name=\"_wpcf7_locale\" value=\"es_ES\" \/>\n<input type=\"hidden\" name=\"_wpcf7_unit_tag\" value=\"wpcf7-f1007-o1\" \/>\n<input type=\"hidden\" name=\"_wpcf7_container_post\" value=\"0\" \/>\n<input type=\"hidden\" name=\"_wpcf7_posted_data_hash\" value=\"\" \/>\n<\/div>\n<p><label> ELIGE DONDE Y CUANDO TE QUIERES PRESENTAR *<br \/>\n      <span class=\"wpcf7-form-control-wrap SEDE\"><select name=\"SEDE\" class=\"wpcf7-form-control wpcf7-select wpcf7-validates-as-required\" aria-required=\"true\" aria-invalid=\"false\"><option value=\"PPAL PASTO - SAB. JUNIO 14\">PPAL PASTO - SAB. JUNIO 14<\/option><option value=\"PPAL PASTO - DOM. JUNIO 29\">PPAL PASTO - DOM. JUNIO 29<\/option><option value=\"PPAL PASTO - DOM. JULIO 27\">PPAL PASTO - DOM. JULIO 27<\/option><option value=\"SEDE IPIALES - SAB. JUNIO 7\">SEDE IPIALES - SAB. JUNIO 7<\/option><option value=\"SEDE IPIALES - DOM. JUNIO 29\">SEDE IPIALES - DOM. JUNIO 29<\/option><option value=\"SEDE IPIALES - SAB. JULIO 26\">SEDE IPIALES - SAB. JULIO 26<\/option><\/select><\/span> <\/label><\/p>\n<p><label> PRIMER NOMBRE *<br \/>\n     <span class=\"wpcf7-form-control-wrap PNOMBRE\"><input type=\"text\" name=\"PNOMBRE\" value=\"\" size=\"40\" class=\"wpcf7-form-control wpcf7-text wpcf7-validates-as-required\" aria-required=\"true\" aria-invalid=\"false\" placeholder=\"INGRESA TU PRIMER NOMBRE\" \/><\/span> <\/label><\/p>\n<p><label> SEGUNDO NOMBRE<br \/>\n     <span class=\"wpcf7-form-control-wrap SNOMBRE\"><input type=\"text\" name=\"SNOMBRE\" value=\"\" size=\"40\" class=\"wpcf7-form-control wpcf7-text\" aria-invalid=\"false\" placeholder=\"INGRESA TU SEGUNDO NOMBRE\" \/><\/span> <\/label><\/p>\n<p><label> PRIMER APELLIDO *<br \/>\n    <span class=\"wpcf7-form-control-wrap PAPELLIDO\"><input type=\"text\" name=\"PAPELLIDO\" value=\"\" size=\"40\" class=\"wpcf7-form-control wpcf7-text wpcf7-validates-as-required\" aria-required=\"true\" aria-invalid=\"false\" placeholder=\"INGRESA TU PRIMER APELLIDO\" \/><\/span> <\/label><\/p>\n<p><label> SEGUNDO APELLIDO<br \/>\n    <span class=\"wpcf7-form-control-wrap SAPELLIDO\"><input type=\"text\" name=\"SAPELLIDO\" value=\"\" size=\"40\" class=\"wpcf7-form-control wpcf7-text\" aria-invalid=\"false\" placeholder=\"INGRESA TU SEGUNDO APELLIDO\" \/><\/span> <\/label><\/p>\n<p><label> TIPO DE DOCUMENTO *<br \/>\n    <span class=\"wpcf7-form-control-wrap TIPODOCUMENTO\"><select name=\"TIPODOCUMENTO\" class=\"wpcf7-form-control wpcf7-select wpcf7-validates-as-required\" aria-required=\"true\" aria-invalid=\"false\"><option value=\"Tarjeta de Identidad\">Tarjeta de Identidad<\/option><option value=\"C\u00e9dula de Ciudadan\u00eda\">C\u00e9dula de Ciudadan\u00eda<\/option><option value=\"C\u00e9dula de Extranjer\u00eda\">C\u00e9dula de Extranjer\u00eda<\/option><option value=\"Pasaporte\">Pasaporte<\/option><\/select><\/span> <\/label><\/p>\n<p><label> N\u00daMERO DE DOCUMENTO *<br \/>\n    <span class=\"wpcf7-form-control-wrap NUMERO\"><input type=\"number\" name=\"NUMERO\" value=\"\" class=\"wpcf7-form-control wpcf7-number wpcf7-validates-as-required wpcf7-validates-as-number\" aria-required=\"true\" aria-invalid=\"false\" \/><\/span> <\/label><\/p>\n<p><label> TEL\u00c9FONO *<br \/>\n    <span class=\"wpcf7-form-control-wrap TELEFONO\"><input type=\"tel\" name=\"TELEFONO\" value=\"\" size=\"40\" class=\"wpcf7-form-control wpcf7-text wpcf7-tel wpcf7-validates-as-required wpcf7-validates-as-tel\" aria-required=\"true\" aria-invalid=\"false\" placeholder=\"INGRESA TU N\u00daMERO DE TEL\u00c9FONO\" \/><\/span><\/label><\/p>\n<p><label> CORREO ELECTR\u00d3NICO *<br \/>\n    <span class=\"wpcf7-form-control-wrap EMAIL\"><input type=\"email\" name=\"EMAIL\" value=\"\" size=\"40\" class=\"wpcf7-form-control wpcf7-text wpcf7-email wpcf7-validates-as-required wpcf7-validates-as-email\" aria-required=\"true\" aria-invalid=\"false\" placeholder=\"INGRESA TU E-MAIL\" \/><\/span> <\/label><\/p>\n<p>Todas las instrucciones llegaran a tu correo<\/p>\n<p>Te esperamos!!<\/p>\n<p><input type=\"submit\" value=\"Enviar\" class=\"wpcf7-form-control wpcf7-submit\" \/><\/p>\n<input type='hidden' class='wpcf7-pum' value='{\"closepopup\":false,\"closedelay\":0,\"openpopup\":false,\"openpopup_id\":0}' \/><div class=\"wpcf7-response-output\" aria-hidden=\"true\"><\/div><\/form><\/div><\/div>\n            <\/div>\t\t<\/div>\n\t\t\t\t<\/div>\n\t\t\t\t\t\t<\/div>\n\t\t\t\t\t<\/div>\n\t\t<\/div>\n\t\t\t\t\t\t\t\t<\/div>\n\t\t\t\t\t<\/div>\n\t\t<\/section>\n\t\t\t\t\t\t<\/div>\n\t\t\t\t\t\t<\/div>\n\t\t\t\t\t<\/div>\n\t\t","protected":false},"excerpt":{"rendered":"<p>&nbsp; &nbsp; &nbsp; MODALIDAD PRESENCIAL Donde te puedes presentar: SEDE PRINCIPAL PASTOEdificio INSUCACalle 18 # 28 &#8211; 24 Centro SEDE IPIALESColegio San Francisco de Asis Carrera 7 # 7 &#8211; 52 Valor de la inscripci\u00f3n $15.000 pesos Env\u00edo de resultados<\/p>\n","protected":false},"author":1,"featured_media":0,"parent":6,"menu_order":3,"comment_status":"closed","ping_status":"closed","template":"","meta":[],"_links":{"self":[{"href":"https:\/\/insuca.com.co\/index.php?rest_route=\/wp\/v2\/pages\/23"}],"collection":[{"href":"https:\/\/insuca.com.co\/index.php?rest_route=\/wp\/v2\/pages"}],"about":[{"href":"https:\/\/insuca.com.co\/index.php?rest_route=\/wp\/v2\/types\/page"}],"author":[{"embeddable":true,"href":"https:\/\/insuca.com.co\/index.php?rest_route=\/wp\/v2\/users\/1"}],"replies":[{"embeddable":true,"href":"https:\/\/insuca.com.co\/index.php?rest_route=%2Fwp%2Fv2%2Fcomments&post=23"}],"version-history":[{"count":86,"href":"https:\/\/insuca.com.co\/index.php?rest_route=\/wp\/v2\/pages\/23\/revisions"}],"predecessor-version":[{"id":1408,"href":"https:\/\/insuca.com.co\/index.php?rest_route=\/wp\/v2\/pages\/23\/revisions\/1408"}],"up":[{"embeddable":true,"href":"https:\/\/insuca.com.co\/index.php?rest_route=\/wp\/v2\/pages\/6"}],"wp:attachment":[{"href":"https:\/\/insuca.com.co\/index.php?rest_route=%2Fwp%2Fv2%2Fmedia&parent=23"}],"curies":[{"name":"wp","href":"https:\/\/api.w.org\/{rel}","templated":true}]}}